s -7 - -3c47?
3c40
In base 16, what is 55f - -55c?
abb
In base 13, what is 253 + 53?
2a6
In base 14, what is 287 + 17b8?
1a61
In base 13, what is 1a - 2009?
-1cbc
In base 14, what is c2 - 7c9?
-707
In base 4, what is 10232 - -1020?
11312
In base 15, what is -15 + -10061?
-10076
In base 10, what is 1681 + 45?
1726
In base 3, what is -1120112 + 201?
-1112211
In base 14, what is -1 - -14854?
14853
In base 3, what is -1112112020 + -20?
-1112112110
In base 16, what is 6 - -35c4a?
35c50
In base 15, what is 8e - 4?
8a
In base 10, what is -85291 - -2?
-85289
In base 15, what is 3 - 50a1c?
-50a19
In base 8, what is -15335 - -154?
-15161
In base 8, what is -44422 - -4?
-44416
In base 5, what is -442114 + -1?
-442120
In base 14, what is 3 + 3600?
3603
In base 9, what is -1 - -14360?
14358
In base 16, what is 0 - -49c?
49c
In base 10, what is -4 + 107136?
107132
In base 9, what is -36 + -264?
-311
In base 15, what is 3 + 4ee3?
4ee6
In base 10, what is 2050 + -586?
1464
In base 8, what is 231 - -12223?
12454
In base 15, what is -137 - -7?
-130
In base 7, what is -124052 - 1?
-124053
In base 8, what is -53273 - -153?
-53120
In base 15, what is 4 - -2ccb?
2cd0
In base 6, what is 52220 - 0?
52220
In base 5, what is -130 - -201100?
200420
In base 11, what is -11 + -5a004?
-5a015
In base 8, what is 3212 + 1045?
4257
In base 11, what is 8345 - -151?
8496
In base 10, what is -5 - -397703?
397698
In base 12, what is -1 + -261ba?
-261bb
In base 7, what is 3 + 164142?
164145
In base 6, what is 1 + 33210?
33211
In base 3, what is -2 + 1002101002020?
1002101002011
In base 5, what is 2 - 21203420?
-21203413
In base 10, what is -7841 - 39?
-7880
In base 9, what is -542303 + -10?
-542313
In base 7, what is 24060 + 35?
24125
In base 9, what is -11 + -314343?
-314354
In base 4, what is -1322230033 + -13?
-1322230112
In base 7, what is -314 - -14552?
14235
In base 2, what is -100000001101001 + 1011?
-100000001011110
In base 14, what is -19 + 11d?
104
In base 15, what is 5 + 2e3b?
2e41
In base 7, what is -24554 + 15?
-24536
In base 13, what is 3 + -1b5a6?
-1b5a3
In base 9, what is -5 - -225578?
225573
In base 7, what is -2412 + 2535?
123
In base 7, what is 201162 + 4?
201166
In base 15, what is -7a + -9?
-84
In base 5, what is -143 + -1312242?
-1312440
In base 16, what is 1 + 2aec6?
2aec7
In base 6, what is 545300 + 0?
545300
In base 3, what is 10010222102 + -10?
10010222022
In base 10, what is -168 - -105?
-63
In base 16, what is a - -6e8?
6f2
In base 6, what is -2522111 - 3?
-2522114
In base 4, what is -10 - 10103131?
-10103201
In base 2, what is -11 + 110000011101111010?
110000011101110111
In base 3, what is -1012 + -211112?
-212201
In base 9, what is 66630 + 4?
66634
In base 13, what is -205c - b?
-206a
In base 13, what is -2b645 + 4?
-2b641
In base 2, what is -111011 + 10110?
-100101
In base 13, what is -2b479 + -4?
-2b480
In base 13, what is -79262 + 0?
-79262
In base 8, what is 33274 - -1?
33275
In base 16, what is -bb8 - 0?
-bb8
In base 16, what is 1 + -1ae3a?
-1ae39
In base 16, what is 42ef5 + 4?
42ef9
In base 15, what is -e + 25cb?
25bc
In base 11, what is -1867 + -42?
-18a9
In base 3, what is 1 - 2222122221201?
-2222122221200
In base 8, what is 11 - 105257?
-105246
In base 9, what is -148006 + 6?
-148000
In base 4, what is -3 + 133031200?
133031131
In base 2, what is -110100111101 + 100010?
-110100011011
In base 13, what is 7 - 4b937?
-4b930
In base 7, what is -5 - 210346?
-210354
In base 7, what is 6320100 + 4?
6320104
In base 11, what is -3 + -3953?
-3956
In base 16, what is 2e16 - 0?
2e16
In base 4, what is 11 - -13013112?
13013123
In base 16, what is -b + 3394f?
33944
In base 5, what is -30 - 20240?
-20320
In base 9, what is 2637 - -1733?
4471
In base 11, what is 5 + -57789?
-57784
In base 8, what is -135 + 74?
-41
In base 3, what is -10111022112201 - -2?
-10111022112122
In base 16, what is 2 + -a924?
-a922
In base 7, what is -50402603 + 5?
-50402565
In base 9, what is 7005 - -66?
7072
In base 4, what is -332223 + 30?
-332133
In base 3, what is 10 - -121001220102?
121001220112
In base 4, what is -221 + -1031120?
-1032001
In base 6, what is 2 + 14552241?
14552243
In base 12, what is -3 - -1108?
1105
In base 3, what is 12 + -101012001220?
-101012001201
In base 2, what is 1 + -10010111010111?
-10010111010110
In base 9, what is -570 - -72?
-487
In base 2, what is 100 - -1111100011100?
1111100100000
In base 6, what is -3041 + 101?
-2540
In base 13, what is -1 - 30c4?
-30c5
In base 14, what is -2498 + 26c?
-222a
In base 16, what is -dc12 + -3?
-dc15
In base 3, what is -10021022 - -11?
-10021011
In base 7, what is 5 - -21022?
21030
In base 13, what is 17 - -3797c?
37996
In base 10, what is -594290 - -1?
-594289
In base 7, what is -2652101 - -2?
-2652066
In base 2, what is -101110010111101101001 - -101?
-101110010111101100100
In base 7, what is -6440134 - 1?
-6440135
In base 2, what is 110011100000010 + -10000?
110011011110010
In base 11, what is 3 - 974964?
-974961
In base 13, what is 16 + 5516?
552c
In base 5, what is 233441 + -30?
233411
In base 16, what is -6e - 97?
-105
In base 11, what is 230 + 171?
3a1
In base 5, what is -41 + 34?
-2
In base 16, what is 194 + 4b3?
647
In base 5, what is 2341310 + 2?
2341312
In base 5, what is 0 + 221132004?
221132004
In base 4, what is 12033 - 10030?
2003
In base 16, what is 372 - 1de?
194
In base 14, what is 6 + -46d4?
-46cc
In base 2, what is -101 + 11010001010100?
11010001001111
In base 14, what is ad46 - 0?
ad46
In base 4, what is -2213 - 202232?
-211111
In base 7, what is 3 - 115215?
-115212
In base 9, what is 1604 + -142?
1452
In base 5, what is -43 - -234242?
234144
In base 8, what is 37245 + -2?
37243
In base 11, what is -3 + -474a?
-4752
In base 5, what is 10 + 424323?
424333
In base 4, what is 3220211 + -1?
3220210
In base 12, what is -230 - 449?
-679
In base 10, what is -5557 - 267?
-5824
In base 5, what is 3 - 130230120?
-130230112
In base 8, what is -3366 + -15?
-3403
In base 7, what is 5 + -3062?
-3054
In base 15, what is 17b8e - c?
17b82
In base 11, what is 44 + -2811?
-2778
In base 16, what is -8f - ff3?
-1082
In base 16, what is -8 - -4939?
4931
In base 11, what is -3 - 15332?
-15335
In base 6, what is 4132 - 12411?
-4235
In base 6, what is -4 + -254242?
-254250
In base 15, what is b624 - 0?
b624
In base 5, what is -120104 - 330?
-120434
In base 6, what is -1 - -1243034?
1243033
In base 2, what is 10 - -10011011100000?
10011011100010
In base 5, what is -2204 - -1042?
-1112
In base 10, what is -50899 - -4?
-50895
In base 8, what is 6501 - 51?
6430
In base 3, what is -10120 + -1000111?
-1011001
In base 8, what is 12070 - 263?
11605
In base 8, what is 72 - 346?
-254
In base 9, what is -551648 + 18?
-551630
In base 3, what is 211210212 - -2?
211210221
In base 15, what is 4ae8 - 66?
4a82
In base 9, what is -674216 + 4?
-674212
In base 4, what is 11 + 313013?
313030
In base 6, what is -152104 + 12?
-152052
In base 6, what is 2 - 32230151?
-32230145
In base 16, what is -dbd - -75?
-d48
In base 15, what is -5 + -5374d?
-53753
In base 8, what is -770 + 3525?
2535
In base 4, what is 1220312 + 3?
1220321
In base 13, what is -3180 + -10?
-3190
In base 8, what is -7 - -736541?
736532
In base 13, what is -1608c + 4?
-16088
In base 11, what is 56 + 896?
941
In base 4, what is 301112 + -12?
301100
In base 12, what is b67 - -7?
b72
In base 7, what is -342236 + -2?
-342241
In base 10, what is -39 + 7157?
7118
In base 14, what is -1102a + -2?
-1102c
In base 16, what is -6af + -f3?
-7a2
In base 6, what is 14412452 + 3?
14412455
In base 4, what is 10 - 30032313?
-30032303
In base 11, what is 114 - 26?
99
In base 4, what is 22011 + 123031?
211102
In base 13, what is -3 - 18a289?
-18a28c
In base 14, what is -cd060 - -4?
-cd05a
In base 6, what is 10 - -542255?
542305
In base 4, what is 1 + -203031122?
-203031121
In base 2, what is 1001001 - 11100001110100001?
-11100001101011000
In base 9, what is 155 + 1182?
1347
In base 10, what is 5 - 490241?
-490236
In base 16, what is -ff1e + -4?
-ff22
In base 3, what is -112202221 - -11?
-112202210
In base 11, what is 2 - -54799?
547a0
In base 3, what is -1220112 - 20?
-1220202
In base 5, what is 1404342 - 21?
1404321
In base 16, what is 4f9 + -d?
4ec
In base 8, what is 5004 - 21?
4763
In ba